 1. Is 26 a factor of u(f)?
True
Let x be (-4)/(-22) + 12/(-66). Let b be x*(-1)/2 - -1. Is b*(-4 - -2 - -6) a multiple of 4?
True
Let c(i) = -2*i**2 - i - 8 + i - 2*i + 5*i. Let b be c(10). Is 8/20 + b/(-5) a multiple of 24?
False
Suppose -5*v + 28 = -3*v. Suppose -5*j + 37 = -13. Let r = v + j. Does 12 divide r?
True
Let i(a) = a**3 - 22*a**2 - 8*a - 46. Is 47 a factor of i(23)?
False
Let v(n) = 3*n**3 + 2*n - 3*n - 1 + 0*n - 2*n**3. Is 15 a factor of v(3)?
False
Suppose -38 = 3*d - 5*o - 3, -5*d = -5*o + 55. Let v = d - -17. Let q(t) = t**2 - 5*t - 9. Does 5 divide q(v)?
True
Let s(g) be the third derivative of -g**6/120 - g**5/5 - 13*g**4/24 + 5*g**3/3 - 2*g**2. Is 12 a factor of s(-11)?
False
Suppose 0 = n - 3 - 10. Is n a multiple of 4?
False
Let q = 97 + -56. Does 10 divide q?
False
Let d = -34 - -94. Is d a multiple of 11?
False
Suppose 3*k + 9 = -2*q, 20 = -4*q - 2*k - 2. Let a be (-2)/3*q/4. Is 11 a factor of (1 - -21)*a - 0?
True
Suppose 0 = -y - 2*u + 5, -6*u = -y - u + 5. Let j = y - 1. Is (-498)/(-30) - j/(-10) a multiple of 11?
False
Let r(j) = 3*j - 2. Suppose -4*c - 9 = -a, 0*a = 5*a + 4*c - 21. Is r(a) a multiple of 13?
True
Suppose o + 0*o = 15. Suppose 4*j - s - o = 3*j, 3*j - 30 = -2*s. Does 11 divide j?
False
Let m = 5 + -5. Suppose m = 5*o + 5*s - 60, -3*s + 60 = 5*o - 2*s. Does 5 divide o?
False
Let l(g) = -g**3 + 2*g**2 + g + 1. Let x = -3 - -5. Suppose s + 4 = 5*w + 31, -2*s - x*w - 6 = 0. Is 3 a factor of l(s)?
True
Is 33 a factor of ((-7)/(-5) - 2)/((-16)/880)?
True
Suppose 0 = -2*z - 0 + 4. Suppose -1 = -5*p + 3*a, z*p - 2*a - 6 = 2*a. Is (2/(-1))/(p/4) a multiple of 4?
True
Suppose x + 10 = 2*f, -3*f + 7*f = -x + 8. Is 15 a factor of 1/4 - 227/x?
False
Let g(u) = -u**3 - 4*u**2 + 8*u + 11. Does 32 divide g(-7)?
False
Let s be (1 - 1)/(-7 + 8). Suppose -3*d - 2*d + 130 = s. Is 6 a factor of d?
False
Let i be (-3 - 100/8)*4. Let t = -43 - i. Is t a multiple of 9?
False
Suppose 3*x + 3*x - 24 = 0. Suppose -5*j + i + 152 = 0, x*j + 5*i = -0*j + 110. Is j a multiple of 7?
False
Let f = -4 - -24. Is f a multiple of 15?
False
Suppose 3*c - 23 = -x + 4, -12 = 3*c. Does 13 divide x?
True
Let z(t) = 3*t + 4. Let x(j) = 7*j + 7. Let v(s) = -2*x(s) + 5*z(s). Let n be v(-5). Is (0 - 2)/(n/(-11)) a multiple of 11?
True
Suppose 0 = -d - 5, -2*a - 4*d = -a + 22. Is 6 a factor of (1*a)/(5/(-55))?
False
Does 16 divide (4/8 + -1)*-62?
False
Let l be (-3)/9*-3 + -2. Let t(c) = -c**3 - 1. Let u be t(l). Suppose q + u*q - 6 = 0. Is q a multiple of 6?
True
Let q(c) = 2*c**2 + 14*c + 7. Let v be (1/(-2))/(2/(-12)). Suppose v*j + 3 = d - 23, -3*j - 22 = -5*d. Is q(j) a multiple of 21?
False
Let i(m) = -m**3 - m. Let h be i(-1). Does 4 divide (-2 - 1) + h + 13?
True
Is 24*2 + (-14)/7 a multiple of 23?
True
Is (-10)/(-5) + (1 - 3) + 180 a multiple of 20?
True
Let n(k) = -k**2 + 3. Let d be n(0). Let g be (-372)/9 - 2/d. Is (-3)/3 + g/(-2) a multiple of 10?
True
Suppose -5*i + 2 + 3 = 0. Let j = 15 + -14. Suppose z = i, -4*z = -4*k + j + 31. Is 4 a factor of k?
False
Suppose -4 = 3*u - 4*u. Suppose 5*f = -u*b - 7, 3*f - 3 = 5*b - 22. Is b a multiple of 2?
True
Does 13 divide ((-20)/(-14))/(3/483)?
False
Suppose 0*h - 2 = -h. Let y be h*(-2 - -1) - 3. Is 2/y + (-36)/(-15) a multiple of 2?
True
Let o be (3/(-1))/((-12)/(-16)). Is 4 a factor of (o + -1)/(-16 - -15)?
False
Let q = 16 - -12. Suppose -u + q = u. Does 11 divide u?
False
Let b = 57 + 29. Does 11 divide b?
False
Let a(g) be the first derivative of -g**4/4 - 2*g**3 - 7*g**2/2 - 1. Let n(s) = -4*s**2 + s. Let l be n(-1). Does 7 divide a(l)?
False
Suppose -3*h + 7*h + 4 = k, 2*k = 3*h - 17. Let g = -31 + 6. Let v = k - g. Is 9 a factor of v?
True
Let a(p) = 2 - 2*p - 6*p + 4*p + 3*p. Is 10 a factor of a(-8)?
True
Let g = 238 + -86. Does 32 divide g?
False
Let c(z) = -19*z**3 - 1. Let p be c(1). Let o be (-3)/(23/p - -1). Let x = -10 + o. Is x a multiple of 5?
True
Let u(r) = -r**3 + 7*r**2 + 11*r - 10. Let c be u(8). Suppose -5*g + 11 = -c. Suppose -g*h = -0*f + 2*f - 17, 3*h = 4*f - 73. Does 9 divide f?
False
Let k = -42 - -132. Is k a multiple of 6?
True
Suppose -2*a - 5 = -15. Suppose -a*g + 90 = -10*g. Let y = -3 - g. Is 15 a factor of y?
True
Suppose 4*w - 1625 = -5*p, -p + 325 = 2*w - 4*w. Suppose 5*u = -3*l - 114 + p, -3*l = -u - 199. Is 23 a factor of l?
False
Is ((-3 - 1) + 2)*-19 a multiple of 19?
True
Let s(h) = -h**2 - 23*h - 23. Is s(-18) a multiple of 20?
False
Suppose c + 5 - 25 = 0. Is c a multiple of 17?
False
Let v be (-1 - 1)/((-6)/(-21)). Let n be ((-2)/(-6))/(v/(-42)). Suppose -3*i + 47 = n*d, -d + 0*i - 4 = -4*i. Is 16 a factor of d?
True
Let z = 150 - 52. Is z a multiple of 14?
True
Suppose z - 4*w - 24 = 0, -2*z + 0*w + 5*w = -33. Suppose -21 = -z*j + 11. Is 3 a factor of j?
False
Let p = -4 + 35. Is 17 a factor of p?
False
Let l(x) = -x**2 - 7*x + 24. Does 16 divide l(-8)?
True
Suppose 9 = -3*t + 66. Is t a multiple of 6?
False
Suppose 5*o + 3 = 4*a, -2*o + 12 = 3*a + 4. Suppose -2*g - a*g + 16 = 0. Suppose -44 = -g*f + 4. Is f a multiple of 6?
True
Suppose -2*t + 15 = 3*j, -3*j + 5*j = -2*t + 18. Does 6 divide t?
True
Let x = 1 + 0. Let w be -4*(-4 + (0 - x)). Let j = -8 + w. Is 10 a factor of j?
False
Let n(i) = -i**3 + 5*i**2 - 5*i + 1. Let g be n(2). Suppose h - 15 = g. Is 7 a factor of h?
False
Suppose -4*g + 24 = n - 0*g, 120 = 4*n + 4*g. Is 8 a factor of n?
True
Let g(t) = -99*t**3 - 3*t**2 + 2*t - 3. Let y(s) = 66*s**3 + 2*s**2 - s + 2. Let r(u) = -5*g(u) - 8*y(u). Is r(-1) a multiple of 12?
False
Let c = 9 + -15. Is 5 a factor of (c - -5) + 7/1?
False
Let c = -25 - -82. Suppose -5*r = -q + c, -81 = -3*q - 5*r + 2*r. Does 16 divide q?
True
Let p(f) = 6*f + 2. Let i be p(3). Suppose -m + 57 = 3*y, -y - 4*y = -i. Is 9 a factor of m?
True
Suppose -8*a + 3*a + 10 = -i, -4*i - 4 = -2*a. Suppose -4*j + j = -6. Is 11 a factor of (a - 1) + 54/j?
False
Suppose 9 = -2*d + 2*v - 5*v, 3*d = 5*v + 34. Let u = d - 1. Suppose u*j = -2*j + 24. Is j a multiple of 6?
True
Let a be (-4)/(176/(-84) - -2). Suppose 0 = -2*z + 114 - a. Does 12 divide z?
True
Let p = 10 + 57. Let t = p - 28. Is 13 a factor of t*(2 + (-15)/9)?
True
Suppose -2*x + 5*o + 26 = 5, 5*x - o + 5 = 0. Is 10 a factor of 189/3 + (-6)/x?
False
Is 8 a factor of -3 + 18*(-4)/(-3)?
False
Let p(f) = f**3 + 3*f**2 + 2*f. Let i be p(-2). Suppose 4*m + 5*a = -i*a + 92, 3*m - 69 = -5*a. Is m a multiple of 9?
False
Suppose 5*k + 3*w = 1948, -2*k - 2*w = -0*w - 780. Is k a multiple of 18?
False
Let r = 32 - 64. Let h = 19 - r. Is h a multiple of 21?
False
Let s be 3*-4*(-2)/(-4). Let a be (-69)/s + 2/(-4). Suppose -2*m + a = 1. Is m even?
False
Let k be 8/6*6/4. Suppose 4*j - 1 = -4*l + 3, 5*j = -2*l - 13. Let d = l - k. Is 2 a factor of d?
True
Let w(y) = -y**2 + 10. Suppose 3*a = -0 + 6. Suppose a*s + 0*s = 0. Does 3 divide w(s)?
False
Let q(b) = b**2 - 2*b - 3. Let l be q(-2). Suppose -l*h + 4*h + 7 = 0. Let m = h + -2. Is 5 a factor of m?
True
Let i(u) = 8*u. Let z(k) = 41*k + 1. Let h(b) = -22*i(b) + 4*z(b). Let s be h(-3). Suppose 0 = -x - 11 + s. Is 13 a factor of x?
False
Let k = -3 + 10. Does 18 divide (1 - 8)*(-54)/k?
True
Let l(a) = -11*a - 37. Does 17 divide l(-8)?
True
Let k = 251 + -193. Is k a multiple of 58?
True
Suppose -4*o + 3*i + 13 = 0, 8 = 4*o - 4*i - 4. Suppose -4*v + 216 = o*z, v - z - 114 = -v. Is 28 a factor of v?
True
Is 14 a factor of (-7 - -6)*4 - 1*-60?
True
Let p = -3 - -3. Suppose -5*f - 40 = -5*u, -4*u + 2*f = -p*u - 40. Is 6 a factor of u?
True
Let j(w) = w**3 - 5*w**2 + 4. Suppose 6 = -3*h, -m = -4*m + 2*h + 19. Let g be j(m). Let n = 5 + g. Does 9 divide n?
True
Let z(b) = -33*b - 1. Let t(r) = -5*r + 1 + 0 + 4*r. Let p be t(2). Does 16 divide z(p)?
True
Suppose -2*p + 8 = -0*p - w, -2*w - 4 = 2*p. Suppose -3*d - p*j = -7*j - 25, 4*j = 2*d - 18. Is d even?
False
Let z = 31 + 14. Suppose -4*h + 51 = -z. Is 6 a factor of h?
True
Let a = -3 - -7. Suppose o - 599 = -3*d, a*d - o - 798 = -3*o. Suppose i - 5*i = -d. Is 25 a factor of i?
True
Is 28 a factor of (-5)/(10/(-204))*1?
False
Let g = -78 + 110. Let b be (-1 - (-1)/(-1))/(-1). Let x = g + b. Does 17 divide x?
True
Suppose 3*b - 106 = -0*b - 4*w, -5*b - 4*w = -166. Let h = b - 14. Is 8 a factor of h?
True
Let d(j) = -j**2 - 